{"id":51981,"date":"2018-01-28T18:16:04","date_gmt":"2018-01-28T18:16:04","guid":{"rendered":"http:\/\/www.avenadecor.pt\/?post_type=dt_portfolio&#038;p=51981"},"modified":"2018-01-28T18:16:04","modified_gmt":"2018-01-28T18:16:04","slug":"afericao-calice-5-cl","status":"publish","type":"dt_portfolio","link":"https:\/\/avenadecor.pt\/en\/projetos\/afericao-calice-5-cl\/","title":{"rendered":"Aferi\u00e7\u00e3o c\u00e1lice 5 cl"},"content":{"rendered":"","protected":false},"excerpt":{"rendered":"","protected":false},"author":1,"featured_media":51413,"comment_status":"closed","ping_status":"closed","template":"","dt_portfolio_category":[252],"dt_portfolio_tags":[],"_links":{"self":[{"href":"https:\/\/avenadecor.pt\/en\/wp-json\/wp\/v2\/dt_portfolio\/51981"}],"collection":[{"href":"https:\/\/avenadecor.pt\/en\/wp-json\/wp\/v2\/dt_portfolio"}],"about":[{"href":"https:\/\/avenadecor.pt\/en\/wp-json\/wp\/v2\/types\/dt_portfolio"}],"author":[{"embeddable":true,"href":"https:\/\/avenadecor.pt\/en\/wp-json\/wp\/v2\/users\/1"}],"replies":[{"embeddable":true,"href":"https:\/\/avenadecor.pt\/en\/wp-json\/wp\/v2\/comments?post=51981"}],"version-history":[{"count":1,"href":"https:\/\/avenadecor.pt\/en\/wp-json\/wp\/v2\/dt_portfolio\/51981\/revisions"}],"predecessor-version":[{"id":51982,"href":"https:\/\/avenadecor.pt\/en\/wp-json\/wp\/v2\/dt_portfolio\/51981\/revisions\/51982"}],"wp:featuredmedia":[{"embeddable":true,"href":"https:\/\/avenadecor.pt\/en\/wp-json\/wp\/v2\/media\/51413"}],"wp:attachment":[{"href":"https:\/\/avenadecor.pt\/en\/wp-json\/wp\/v2\/media?parent=51981"}],"wp:term":[{"taxonomy":"dt_portfolio_category","embeddable":true,"href":"https:\/\/avenadecor.pt\/en\/wp-json\/wp\/v2\/dt_portfolio_category?post=51981"},{"taxonomy":"dt_portfolio_tags","embeddable":true,"href":"https:\/\/avenadecor.pt\/en\/wp-json\/wp\/v2\/dt_portfolio_tags?post=51981"}],"curies":[{"name":"wp","href":"https:\/\/api.w.org\/{rel}","templated":true}]}}

Aferição cálice 5 cl
