{"id":52022,"date":"2018-01-30T19:59:12","date_gmt":"2018-01-30T19:59:12","guid":{"rendered":"http:\/\/www.avenadecor.pt\/?post_type=dt_portfolio&#038;p=52022"},"modified":"2018-01-30T19:59:12","modified_gmt":"2018-01-30T19:59:12","slug":"afericao-calice-3-cl","status":"publish","type":"dt_portfolio","link":"https:\/\/avenadecor.pt\/es\/projetos\/afericao-calice-3-cl\/","title":{"rendered":"Aferi\u00e7\u00e3o c\u00e1lice 3 cl"},"content":{"rendered":"","protected":false},"excerpt":{"rendered":"","protected":false},"author":1,"featured_media":51412,"comment_status":"closed","ping_status":"closed","template":"","dt_portfolio_category":[312],"dt_portfolio_tags":[],"_links":{"self":[{"href":"https:\/\/avenadecor.pt\/es\/wp-json\/wp\/v2\/dt_portfolio\/52022"}],"collection":[{"href":"https:\/\/avenadecor.pt\/es\/wp-json\/wp\/v2\/dt_portfolio"}],"about":[{"href":"https:\/\/avenadecor.pt\/es\/wp-json\/wp\/v2\/types\/dt_portfolio"}],"author":[{"embeddable":true,"href":"https:\/\/avenadecor.pt\/es\/wp-json\/wp\/v2\/users\/1"}],"replies":[{"embeddable":true,"href":"https:\/\/avenadecor.pt\/es\/wp-json\/wp\/v2\/comments?post=52022"}],"version-history":[{"count":1,"href":"https:\/\/avenadecor.pt\/es\/wp-json\/wp\/v2\/dt_portfolio\/52022\/revisions"}],"predecessor-version":[{"id":52041,"href":"https:\/\/avenadecor.pt\/es\/wp-json\/wp\/v2\/dt_portfolio\/52022\/revisions\/52041"}],"wp:featuredmedia":[{"embeddable":true,"href":"https:\/\/avenadecor.pt\/es\/wp-json\/wp\/v2\/media\/51412"}],"wp:attachment":[{"href":"https:\/\/avenadecor.pt\/es\/wp-json\/wp\/v2\/media?parent=52022"}],"wp:term":[{"taxonomy":"dt_portfolio_category","embeddable":true,"href":"https:\/\/avenadecor.pt\/es\/wp-json\/wp\/v2\/dt_portfolio_category?post=52022"},{"taxonomy":"dt_portfolio_tags","embeddable":true,"href":"https:\/\/avenadecor.pt\/es\/wp-json\/wp\/v2\/dt_portfolio_tags?post=52022"}],"curies":[{"name":"wp","href":"https:\/\/api.w.org\/{rel}","templated":true}]}}

Aferição cálice 3 cl
