{"id":52023,"date":"2018-01-30T19:58:50","date_gmt":"2018-01-30T19:58:50","guid":{"rendered":"http:\/\/www.avenadecor.pt\/?post_type=dt_portfolio&#038;p=52023"},"modified":"2018-01-30T19:58:50","modified_gmt":"2018-01-30T19:58:50","slug":"afericao-calice-3-cl","status":"publish","type":"dt_portfolio","link":"https:\/\/avenadecor.pt\/fr\/projetos\/afericao-calice-3-cl\/","title":{"rendered":"Aferi\u00e7\u00e3o c\u00e1lice 3 cl"},"content":{"rendered":"","protected":false},"excerpt":{"rendered":"","protected":false},"author":1,"featured_media":51412,"comment_status":"closed","ping_status":"closed","template":"","dt_portfolio_category":[311],"dt_portfolio_tags":[],"_links":{"self":[{"href":"https:\/\/avenadecor.pt\/fr\/wp-json\/wp\/v2\/dt_portfolio\/52023"}],"collection":[{"href":"https:\/\/avenadecor.pt\/fr\/wp-json\/wp\/v2\/dt_portfolio"}],"about":[{"href":"https:\/\/avenadecor.pt\/fr\/wp-json\/wp\/v2\/types\/dt_portfolio"}],"author":[{"embeddable":true,"href":"https:\/\/avenadecor.pt\/fr\/wp-json\/wp\/v2\/users\/1"}],"replies":[{"embeddable":true,"href":"https:\/\/avenadecor.pt\/fr\/wp-json\/wp\/v2\/comments?post=52023"}],"version-history":[{"count":1,"href":"https:\/\/avenadecor.pt\/fr\/wp-json\/wp\/v2\/dt_portfolio\/52023\/revisions"}],"predecessor-version":[{"id":52040,"href":"https:\/\/avenadecor.pt\/fr\/wp-json\/wp\/v2\/dt_portfolio\/52023\/revisions\/52040"}],"wp:featuredmedia":[{"embeddable":true,"href":"https:\/\/avenadecor.pt\/fr\/wp-json\/wp\/v2\/media\/51412"}],"wp:attachment":[{"href":"https:\/\/avenadecor.pt\/fr\/wp-json\/wp\/v2\/media?parent=52023"}],"wp:term":[{"taxonomy":"dt_portfolio_category","embeddable":true,"href":"https:\/\/avenadecor.pt\/fr\/wp-json\/wp\/v2\/dt_portfolio_category?post=52023"},{"taxonomy":"dt_portfolio_tags","embeddable":true,"href":"https:\/\/avenadecor.pt\/fr\/wp-json\/wp\/v2\/dt_portfolio_tags?post=52023"}],"curies":[{"name":"wp","href":"https:\/\/api.w.org\/{rel}","templated":true}]}}

Aferição cálice 3 cl
